e number?
True
Is 243968689 prime?
True
Is 46247969 prime?
False
Is 83271505 composite?
True
Is 1518311 a composite number?
False
Is 321790649 a composite number?
False
Is 899 composite?
True
Is 8769071 composite?
False
Is 41776013 a composite number?
False
Is 71259247 prime?
False
Is 289454169 composite?
True
Is 6453647 composite?
False
Is 279548743 prime?
False
Is 47719079 a prime number?
True
Is 3972379 prime?
False
Is 5962873 a prime number?
False
Is 517717 prime?
True
Is 8041127 composite?
False
Is 3668633 composite?
True
Is 19839653 a prime number?
False
Is 66979 composite?
True
Is 106618601 composite?
False
Is 11729681 composite?
False
Is 4188319 composite?
True
Is 4890791 prime?
True
Is 1141837 composite?
False
Is 4358931 a composite number?
True
Is 84568243 a composite number?
False
Is 28764949 prime?
False
Is 10599791 prime?
False
Is 86484403 a composite number?
False
Is 664281641 a prime number?
True
Is 316374701 a prime number?
True
Is 3528065 prime?
False
Is 238541 prime?
False
Is 23523797 prime?
False
Is 106256373 a composite number?
True
Is 792247 prime?
True
Is 18763211 composite?
True
Is 7626649 composite?
False
Is 12797503 a prime number?
True
Is 19601111 a composite number?
True
Is 10063727 a prime number?
False
Is 7713841 prime?
True
Is 195205547 a composite number?
False
Is 132754495 composite?
True
Is 215624707 a composite number?
True
Is 12985223 a composite number?
False
Is 28471831 a prime number?
False
Is 56431451 prime?
False
Is 29162491 a composite number?
False
Is 6112247 a prime number?
False
Is 25781341 a prime number?
False
Is 930292483 prime?
True
Is 59310893 a prime number?
True
Is 613068185 prime?
False
Is 26583254 a prime number?
False
Is 5279149 prime?
True
Is 12128777 a composite number?
False
Is 17148413 a composite number?
True
Is 36730519 composite?
True
Is 1952893 a prime number?
True
Is 79732309 composite?
False
Is 1219558 a prime number?
False
Is 326071093 a prime number?
True
Is 107648581 composite?
True
Is 480613241 a composite number?
False
Is 169069177 a composite number?
True
Is 6728801 a composite number?
False
Is 10773677 prime?
True
Is 11394599 a composite number?
False
Is 9750749 prime?
True
Is 160512257 a composite number?
True
Is 2117971 prime?
True
Is 441362 composite?
True
Is 136040111 prime?
True
Is 11319401 a prime number?
True
Is 9365519 composite?
False
Is 19466813 a prime number?
True
Is 610968509 a composite number?
True
Is 39270043 a prime number?
False
Is 153068299 composite?
False
Is 14954551 composite?
False
Is 15349177 a composite number?
False
Is 28516303 composite?
False
Is 266333 a prime number?
True
Is 1172684147 a prime number?
True
Is 24534641 composite?
True
Is 26352019 composite?
False
Is 8405951 prime?
True
Is 2014093 prime?
False
Is 25944682 a composite number?
True
Is 47068651 a composite number?
True
Is 3026971 prime?
True
Is 276309871 a composite number?
False
Is 1675259 prime?
True
Is 1281827 prime?
True
Is 10195919 a composite number?
False
Is 74135899 prime?
True
Is 21028913 composite?
True
Is 1085453 composite?
True
Is 24990449 a composite number?
True
Is 725035 prime?
False
Is 27220555 a composite number?
True
Is 13404563 a composite number?
False
Is 43261 a prime number?
True
Is 13397573 a prime number?
False
Is 17992441 a prime number?
False
Is 6245299 prime?
False
Is 619607995 a composite number?
True
Is 92893769 a prime number?
False
Is 256147319 a prime number?
True
Is 19359059 a prime number?
False
Is 123047323 prime?
False
Is 366034873 prime?
False
Is 757367261 a composite number?
True
Is 809558689 a prime number?
True
Is 25354409 a prime number?
False
Is 21097849 composite?
True
Is 24061269 a composite number?
True
Is 32458109 composite?
False
Is 533678038 a prime number?
False
Is 210365 a composite number?
True
Is 4695521 composite?
True
Is 26405551 prime?
True
Is 10768259 a prime number?
False
Is 16032229 a composite number?
True
Is 1437449 a composite number?
True
Is 30623129 a composite number?
True
Is 11514277 composite?
False
Is 27184279 composite?
False
Is 225858327 a prime number?
False
Is 7115959 prime?
True
Is 13829821 composite?
False
Is 652905907 composite?
False
Is 1845763 prime?
False
Is 1995577 a prime number?
False
Is 215024027 composite?
True
Is 102717451 composite?
True
Is 4340323 a prime number?
False
Is 387103 a composite number?
True
Is 17623831 a composite number?
True
Is 21727451 composite?
False
Is 110009423 a prime number?
True
Is 25388861 prime?
True
Is 1480333 prime?
False
Is 111447893 prime?
True
Is 31528871 a prime number?
False
Is 4850869 a prime number?
False
Is 23023451 a prime number?
False
Is 5115439 a prime number?
False
Is 604453 a prime number?
False
Is 126943489 a prime number?
False
Is 12350081 a prime number?
True
Is 28825649 prime?
False
Is 71716945 a prime number?
False
Is 35689243 prime?
True
Is 2460617 a composite number?
False
Is 121286051 a prime number?
True
Is 218793849 a composite number?
True
Is 435677 composite?
True
Is 8328601 a prime number?
False
Is 628604747 composite?
False
Is 122026817 composite?
True
Is 65746385 a prime number?
False
Is 167700355 prime?
False
Is 3188543 a prime number?
True
Is 541181 composite?
False
Is 1832849 a composite number?
True
Is 2486023 prime?
False
Is 11503429 prime?
False
Is 92902987 a composite number?
False
Is 44684938 composite?
True
Is 7200346 a prime number?
False
Is 125462891 prime?
True
Is 4998911 a prime number?
True
Is 37439197 prime?
False
Is 2603831 prime?
True
Is 2383859 a prime number?
False
Is 9020897 a composite number?
True
Is 3154227 composite?
True
Is 8966861 a prime number?
False
Is 433187 a prime number?
True
Is 14549837 prime?
False
Is 421139 composite?
True
Is 36423073 a prime number?
False
Is 1791541 prime?
True
Is 3063491 a prime number?
True
Is 17104187 a composite number?
False
Is 2653517 prime?
True
Is 57806807 prime?
True
Is 26979023 a composite number?
True
Is 1641217 a prime number?
True
Is 160010573 a composite number?
False
Is 16876103 a composite number?
False
Is 68918951 a composite number?
True
Is 29262659 composite?
False
Is 22025863 prime?
False
Is 33461347 a composite number?
False
Is 46833571 a composite number?
True
Is 8247695 prime?
False
Is 1623451 prime?
True
Is 5743337 a composite number?
False
Is 9331851 a prime number?
False
Is 410947 prime?
False
Is 3149297 prime?
False
Is 6250285 a composite number?
True
Is 28886057 a prime number?
True
Is 23493839 prime?
True
Is 1505135 prime?
False
Is 99545627 composite?
False
Is 2668007 composite?
True
Is 1365347 composite?
False
Is 9130487 a composite number?
True
Is 128860961 a composite number?
False
Is 130794563 a prime number?
False
Is 77547313 a composite number?
False
Is 3650419 composite?
False
Is 39916027 a prime number?
False
Is 180604967 a composite number?
True
Is 10063577 prime?
True
Is 900047 a prime number?
False
Is 1894099 prime?
True
Is 93717781 a prime number?
False
Is 276209 a prime number?
True
Is 11450867 a prime number?
True
Is 28846633 a prime number?
False
Is 62923951 prime?
False
Is 12987869 composite?
False
Is 4630397 prime?
True
Is 16019519 a composite number?
False
Is 1625753 a prime number?
False
Is 6203203 a prime number?
True
Is 38499641 composite?
False
Is 1613353 a composite number?
True
Is 28430803 prime?
False
Is 4299817 a prime number?
False
Is 60207841 prime?
False
Is 1041727 a composite number?
True
Is 12008351 a prime number?
True
Is 10603753 composite?
False
Is 6582787 a composite number?
False
Is 11912111 composite?
False
Is 35628287 composite?
True
Is 20971381 a composite number?
False
Is 295861 a prime number?
True
Is 2780753 a composite number?
False
Is 48817871 a prime number?
True
Is 140473637 a prime number?
True
Is 2546435 a prime number?
False
Is 29115761 a composite number?
False
Is 142064383 composite?
True
Is 19857433 prime?
True
Is 183993 a composite number?
True
Is 3864589 composite?
True
Is 621854 prime?
False
Is 214581977 prime?
False
Is 6874423 composite?
False
Is 45051157 a composite number?
False
Is 8918057 a composite number?
True
Is 12365011 prime?
False
Is 140702 a composite number?
True
Is 113939489 a composite number?
False
Is 1360309 composite?
False
Is 189421247 prime?
True
Is 5179997 a composite number?
False
Is